4
Let c be 3/18 + 123/18. Let j = -6 + c. What is the remainder when 36 is divided by ((-3)/(-3))/(j/19)?
17
Suppose -280 = 4*h - 9*h. What is the remainder when h is divided by 15?
11
Let h(q) = 64*q + 4. Let l be h(3). Calculate the remainder when 41 is divided by (1/(-2))/((-7)/l).
13
Let t(m) = -m**3 - 5*m**2 + 11*m + 8. Let s(d) = 7*d + 1. Calculate the remainder when t(-7) is divided by s(2).
14
Suppose 0 = 4*m - k - 26, -m - 3*k = -0*k. Let s = -71 - -100. Calculate the remainder when s is divided by (-2)/m + (-310)/(-30).
9
Let q(s) = 2*s + 2. Suppose 0 = 3*i + 2*i - 25. Suppose 35 = i*l - 15. What is the remainder when l is divided by q(2)?
4
Let q = 122 + -73. Calculate the remainder when 5 + q + 1*3 is divided by 15.
12
Let x = 8 + -6. Suppose -35 = -3*t + 5*c, 0*t - x*t + 20 = -5*c. Suppose -4*b = m - 15 - 14, -3*b = m - 21. What is the remainder when t is divided by b?
7
Suppose n = -3*n + 268. Calculate the remainder when n is divided by 18.
13
Let j(c) = -c**3 + 9*c**2 + 14*c - 12. Let v be ((-8)/(-10))/((-4)/(-50)). Calculate the remainder when 82 is divided by j(v).
26
Let x(b) be the first derivative of 3*b**2/2 + 4*b + 1. Calculate the remainder when 23 is divided by x(3).
10
Suppose 5 = u - 0. Suppose -43 = -u*w + 4*r, 3*w + 16 = -3*r + 58. What is the remainder when 32 is divided by w?
10
Calculate the remainder when 50 is divided by 1 + -4 + 3 + 9.
5
Suppose -43 = 2*o + 4*r - 15, 3*o = 4*r - 2. What is the remainder when 306/4*(-4)/o is divided by 1*-2*13/(-2)?
12
Suppose -5*h = -40 - 60. Calculate the remainder when h is divided by 7.
6
Let r(i) = 11*i - 6. What is the remainder when r(3) is divided by 15?
12
Suppose 0 = -d + 6*d + 25, -14 = -k + 2*d. Let o = k + 0. Let v = 17 - o. What is the remainder when 38 is divided by v?
12
Let q be (2/(-3) - 0)*-6. What is the remainder when 12 is divided by (0 - 0 - -1) + q?
2
Let h = 342 - 69. What is the remainder when h is divided by 46?
43
Let f = -17 + 34. Calculate the remainder when 83 is divided by f.
15
Suppose -14*y + 604 = -10*y. What is the remainder when y is divided by 38?
37
Calculate the remainder when 8 is divided by (-294)/(-56) + (-1)/4.
3
Suppose 2*m = -5*b + 30, 3*m - b - 9 - 2 = 0. What is the remainder when 13 is divided by m?
3
Let s(t) = t**3 - 4*t**2 + t - 23. What is the remainder when s(6) is divided by 20?
15
Let c = -7 + 14. Let j = c - 5. What is the remainder when 5 is divided by j?
1
Suppose -b + 13 - 4 = 0. Suppose -27 - b = -2*w. Calculate the remainder when 34 is divided by w.
16
Suppose 4*p - 82 = -t + 4*t, 5*p - 112 = -t. What is the remainder when (3 - p/10)*70 is divided by 19?
18
Suppose 3*r + 5*u = u - 78, -4*r - 117 = u. Let n = 32 - 23. Calculate the remainder when n is divided by 6/r - 26/(-5).
4
Let b = 4 - 10. Calculate the remainder when 4/(-6) + (-22)/(-6) is divided by ((-1)/2)/(1/b).
0
Let d = 33 + -27. What is the remainder when d is divided by 6/(-15) - (-34)/10?
0
Suppose -4*r + 2 + 46 = 0. Suppose -66 = -2*m + r. Suppose -4*k = -29 - 27. What is the remainder when m is divided by k?
11
Let g = -11 + 20. Suppose 2*m - 9 = g. What is the remainder when m is divided by 3?
0
Let v = -8 - -12. Suppose -c = -v - 3. Calculate the remainder when 19 is divided by c.
5
Let c = 143 - 1. Calculate the remainder when c is divided by 29.
26
Let z be 11/((-11)/(-30)) - -3. Let u = z + -17. Calculate the remainder when 30 is divided by u.
14
Let r = 146 + -101. What is the remainder when 133 is divided by r?
43
Let b(x) = -x**3 - 6*x**2 + 7*x + 8. Calculate the remainder when 22 is divided by b(-7).
6
What is the remainder when 391/5 + (-8)/40 is divided by 10?
8
Let q(h) be the third derivative of h**5/30 + h**4/8 - h**3/2 + 2*h**2. Calculate the remainder when 42 is divided by q(2).
9
Suppose t = -4*t + 290. Let j = 13 - 25. Calculate the remainder when t is divided by (j - -2)/((-7)/14).
18
Let v be (-3)/(-2 - 1/(-2)). Suppose -t - v*t = -15. Suppose 3*y = -l - 4*l + 16, 18 = 4*l + 5*y. What is the remainder when t is divided by l?
1
Let m(w) = -w**3 + 11*w**2 - 12*w + 10. What is the remainder when m(8) is divided by 27?
25
Let x = 2 - 4. What is the remainder when (-2 - (x - 1)) + 31 is divided by 17?
15
Let r be -1 + -3 + 4 - -5. Suppose -2*k + 21 = -r. Suppose -5*w = 2*f - 15, 0*w + 3*f + 10 = -w. What is the remainder when k is divided by w?
3
Suppose 0 = 5*x + 4*i - 62, -3*i - 2*i = -4*x + 25. What is the remainder when 57 is divided by x?
7
Suppose 4*j - 2*m = 150 - 4, 3*j = -2*m + 113. Calculate the remainder when j is divided by 13.
11
Let r(w) = w**2 - w. Let d be r(-4). Suppose 0*a = 4*a - d. Suppose 0 = g + a*q - 6, -5*g + q = -3*q - 117. Calculate the remainder when g is divided by 11.
10
Calculate the remainder when (-6)/2 - -1 - -41 is divided by 14.
11
Suppose 3*d - 78 = -10*d. Suppose -4 = -j - 0*j. What is the remainder when d is divided by j?
2
Let c(t) = -t**3 - 16*t**2 - 2*t + 16. Calculate the remainder when c(-16) is divided by 7.
6
Let n(q) = q - 1. Let u be n(-2). Let b(a) = a - 2. Let r(j) = 2*j - 7. Let d(i) = u*r(i) + 8*b(i). Calculate the remainder when 49 is divided by d(6).
15
Let s = 23 + 6. What is the remainder when 85 is divided by s?
27
Let b(d) = -2*d + 4. Suppose 0 = -4*x + 50 + 58. Calculate the remainder when x is divided by b(-3).
7
Suppose 0 = -2*c - 10, 4 = -2*w + w - 2*c. Let x = -3 + w. Suppose -x*v = i - 4*v - 22, 0 = -4*i + 5*v + 91. What is the remainder when 36 is divided by i?
17
Suppose -102 = -4*c - 3*h + 55, -2*c + 4*h = -62. What is the remainder when c is divided by 19?
18
Calculate the remainder when 8 is divided by (2 - (5 - 0))/(-1).
2
Suppose 0 = 4*b + 12, -2*f - b + 37 = -f. Calculate the remainder when 47/3 + 3/9 is divided by 9/(-2)*f/(-30).
4
Let i = 8 + -6. Suppose i*f - 7*f = -25. Suppose 4*n - a - 34 = 0, 0*n - 49 = -f*n - 2*a. Calculate the remainder when 15 is divided by n.
6
Let w = 0 - -4. Suppose 5*x - 44 = v, -w*x + 20 = v - 17. What is the remainder when x is divided by 5?
4
Suppose -6*h + 163 = -377. Calculate the remainder when h is divided by 13.
12
Let z = 5 - 9. Let i(x) = x**3 + 7*x**2 - 9*x - 1. Let a be i(-8). Let u = z + a. What is the remainder when 8 is divided by u?
2
Let m(j) = 3*j**2 + 6*j + 1. Calculate the remainder when m(-6) is divided by 19.
16
What is the remainder when 2 - (614/(-6) - 16/24) is divided by 28?
21
Suppose 2*i + 48 = 122. What is the remainder when i is divided by 10?
7
Suppose k - 48 = -3*k. Suppose 0 = u - 3*u + 70. Calculate the remainder when u is divided by k.
11
Suppose 2*k - 15 = 23. Calculate the remainder when k is divided by 11.
8
Suppose 0*n + 4*n = 0. Suppose 0 = -s - n*s + 27. Calculate the remainder when s is divided by 14.
13
Suppose 3*q = 2*q + z + 9, 61 = 5*q - z. What is the remainder when 64 is divided by q?
12
Suppose 0*p - 6 = -3*p. Let r be 5*6*(-3)/(-6). Suppose 0*k - r = -5*k. What is the remainder when k is divided by p?
1
Calculate the remainder when 71 - (0 - -4) - 3 is divided by 22.
20
Suppose 0 = -4*v - 2*x + 98, 1 = 2*x - 9. Let o be (-87)/(-1)*2/6. Let l = -21 + o. Calculate the remainder when v is divided by l.
6
Suppose -2*g - g - 9 = 0. What is the remainder when 29 is divided by 3 - (3*12)/g?
14
Suppose 5*g + 3 - 1 = -t, 0 = -5*t + g + 16. Let o be 18 - -4 - (1 + 0). Suppose o = t*m - 18. Calculate the remainder when 37 is divided by m.
11
Let x = 20 + 32. Let c(n) = -3*n + 3. What is the remainder when x is divided by c(-5)?
16
Let a = -47 - -34. Let q = 21 + a. Let c = -24 + 38. Calculate the remainder when c is divided by q.
6
What is the remainder when (-24)/20*(-135)/6 is divided by 8?
3
Suppose -44 = -3*l + 4*j, -2*j + 32 = 2*l + l. Let d(f) = -f**3 - 4*f**2 + 8*f - 2. Calculate the remainder when d(-6) is divided by l.
10
Suppose 3*n - 5*i - 111 = 10, 0 = n - 4*i - 52. What is the remainder when 125 is divided by n?
29
Let g = 4 + -2. Calculate the remainder when (0 + (3 - g))*52 is divided by (-4)/5*(-90)/4.
16
Let g(j) = j**2 - j + 5. Let u be g(0). Suppose 0 = m - u*m + 188. What is the remainder when m is divided by 16?
15
Suppose -3 = l - 4*f, 2*l - f = 3*f + 10. Calculate the remainder when 50 is divided by l.
11
Calculate the remainder when 47 is divided by (-2 + 6)*(-51)/(-12)